t q = v - 8. List the prime factors of q.
2, 3
Suppose 279 = 8*i - 481. List the prime factors of i.
5, 19
Suppose a + 2*a = 165. Suppose -5*q = -15 - a. List the prime factors of q.
2, 7
Suppose -5*p - 4 - 51 = 0. Let i = p + 9. Let u = 15 + i. List the prime factors of u.
13
Let d = 22 + -1. Suppose -4*b = -71 - d. What are the prime factors of b?
23
Suppose -3*w = 2*w - 4*o + 55, -4 = -3*w - 5*o. Suppose 2*z + 45 = 7*z. Let s = z + w. What are the prime factors of s?
2
What are the prime factors of 111*((-14)/21 + (-4)/(-3))?
2, 37
List the prime factors of ((-102)/(-9))/((-4)/(-24)).
2, 17
Suppose 5*x - 83 = 22. What are the prime factors of x?
3, 7
Let x(p) = p - 4. Let c be x(2). Let j = -3 + c. Let n = 9 + j. List the prime factors of n.
2
Let h be 520/(-44) - 6/33. What are the prime factors of (50/30)/((-1)/h)?
2, 5
Suppose -4*h + 5*a = -102, 60 = 2*h + 2*a - 0*a. List the prime factors of h.
2, 7
Suppose 4*a - 22 = -3*k + k, -3*k = 2*a - 17. List the prime factors of k.
3
Let j(a) = 11*a**3 + 11*a**3 - 8*a**3 + 1 - a**2. List the prime factors of j(1).
2, 7
Suppose 0 = 4*m + 3*p - 393, 0*p + 3*p = 2*m - 219. List the prime factors of m.
2, 3, 17
Let x(k) = 6*k**2 + k + 2*k - 6*k. List the prime factors of x(2).
2, 3
Suppose 0 = b - 2, -5*k - 4*b + 94 = -7*b. Let t be (1 - -5)/((-2)/(-3)). Let v = k - t. List the prime factors of v.
11
Let r(t) = t**2 - t + 2. Let w be r(3). Suppose 2*z + w = -2*u - z, 0 = -5*z - 20. Suppose -u*y = -y - 14. What are the prime factors of y?
2, 7
Let s(n) = -4*n - 5. What are the prime factors of s(-7)?
23
Suppose -3*k = 4*c + 8, -3*c + 6 = k - 6*c. List the prime factors of -3 + (2 - -39 - k).
2, 19
Let a be (-2)/(-5) - (-72)/20. Suppose a*b - 25 = -1. List the prime factors of b.
2, 3
Let k(j) = 2*j**2 + 24*j + 27. What are the prime factors of k(-15)?
3, 13
Suppose 0 = 2*a - 0 - 4, 0 = -2*g - a + 52. What are the prime factors of g?
5
Let d(o) = o**3 - 6*o**2 - 3*o + 6. Let g be d(6). Let m = 8 - -14. Let h = g + m. What are the prime factors of h?
2, 5
What are the prime factors of (266/(-42))/((-8)/6)*4?
19
Let u be 24/132 - (-200)/(-11). Let z = u + 25. List the prime factors of z.
7
Let f(x) = -x**3 - 8*x**2 + 8*x - 5. Let a be f(-9). What are the prime factors of (24/(-6))/(a/(-38))?
2, 19
Let g(j) = -j**3 + 7*j**2 + 3*j + 3. Let q be g(4). Suppose 3*t - 3*w = q, 6*t - 2*t + 2*w = 102. What are the prime factors of t?
2, 3
Let p(h) = -h - 4. Let s be p(-6). Let u be ((0/s)/(-1))/(-1). Suppose u*m - 5*m = -20. What are the prime factors of m?
2
Let z(a) = -3*a - 15. What are the prime factors of z(-9)?
2, 3
Suppose 2 = -0*b + 2*b. Let f be (b - 1)*(-3 - -2). Suppose f = -3*z + 2*z + 2. What are the prime factors of z?
2
Let g(s) = -2*s**2 + 6*s + 2. Let m be g(5). What are the prime factors of 4/8*m/(-3)?
3
Suppose 3*b = 7*b - 188. What are the prime factors of b?
47
Suppose 4*q = 3*p + 275, -3*p + 7*p - 154 = -2*q. List the prime factors of q.
71
Let a(x) = -x**3 + 2*x**2 + 3*x - 2. Let w be a(3). Let i = w - -24. What are the prime factors of i?
2, 11
Let j = -7 + 7. Let p = 2 - -2. Suppose b = p - j. What are the prime factors of b?
2
Let l = -4 - -4. Suppose k = -20 - l. Let p = -11 - k. What are the prime factors of p?
3
Let t = -11 + 0. Let p(z) = z**3 + 12*z**2 + 9*z - 12. List the prime factors of p(t).
2, 5
Suppose -16*a = -595 - 29. List the prime factors of a.
3, 13
Let k(y) = -4*y**3 - 15*y**2 - 5*y + 22. Let w(q) = -q**3 - 5*q**2 - 2*q + 7. Let d(n) = 2*k(n) - 7*w(n). List the prime factors of d(5).
3, 5
Suppose 2*i - 986 = -3*m, 20 = -3*i + 8*i. List the prime factors of m.
2, 163
Let q = -14 - -8. Let d = -8 - q. Let w = d - -6. List the prime factors of w.
2
What are the prime factors of (30/25)/(2/80)?
2, 3
Let y(i) be the first derivative of i**6/180 + 7*i**5/120 - i**4/24 - 2*i**3/3 + 1. Let c(s) be the third derivative of y(s). List the prime factors of c(-5).
2, 7
What are the prime factors of ((-57)/2)/(60/(-80))?
2, 19
Let p(n) = -n - 41. Let o be p(-13). Suppose 2*i + 3*i = -70. Let h = i - o. What are the prime factors of h?
2, 7
What are the prime factors of (33/9)/(-3 + (-74)/(-24))?
2, 11
Suppose 0 = -t - 3*m - 0 - 1, -71 = -5*t + 4*m. List the prime factors of t.
11
Let b(n) = n**3 - 6*n**2 - 2*n + 7. List the prime factors of b(7).
2, 3, 7
Let c(o) = -17*o. Let a(k) = 9*k. Let i(t) = 11*a(t) + 6*c(t). List the prime factors of i(-4).
2, 3
Let k(c) = -c**2 + 8*c - 3. Let y be k(6). List the prime factors of y/1 + (-2 - -4).
11
Let s = -1 - -1. Let b(d) = -d + 4. List the prime factors of b(s).
2
Suppose 0 = -r - 2*z + 156, 12*z - 166 = -r + 8*z. List the prime factors of r.
2, 73
Suppose j - 3*j = 2. Let h be 6*-1 + -2 + 1. Let v = j - h. What are the prime factors of v?
2, 3
Let g = 79 - 76. List the prime factors of g.
3
Suppose -10*g + 3*g + 28 = 0. What are the prime factors of g?
2
Let v = 0 - -12. Let u = 25 - v. List the prime factors of u.
13
Let f(u) = 46*u**3 + u**2 + u + 4. What are the prime factors of f(2)?
2, 3, 7
List the prime factors of 140/21*(-6)/(-4).
2, 5
Suppose 3*d - 32 - 13 = 0. List the prime factors of d.
3, 5
Suppose 2*i + 13 = 7*i - 2*b, 0 = -5*i - 2*b + 17. Let a(t) = 0*t - 5*t + 3*t + t**i + 0 - 2 + 2*t**2. List the prime factors of a(-2).
2
Let y(m) be the first derivative of m**2/2 + m - 1. What are the prime factors of y(10)?
11
Let q(z) = 16*z + 20. What are the prime factors of q(7)?
2, 3, 11
Suppose b + 4*j + 4 = 0, 4*b = -0*b - 2*j - 2. Let s = b - -13. What are the prime factors of s?
13
Suppose -4*y = 3*f - 26, 3*f + 7*y - 2*y - 31 = 0. Suppose -i = f*i - 15. Suppose 0*p + 3*p = 3*r + 18, 4*r + 29 = i*p. What are the prime factors of p?
5
Let h be 0/(6/2*1). Suppose -4*b + 54 = 2*w, h = 3*b - 2*w - 0*w - 30. What are the prime factors of (b/(-3))/(6/(-9))?
2, 3
Suppose -24 = -4*m + 152. List the prime factors of m.
2, 11
Let w(i) = 2*i**2 + 4*i + 4. Let h be w(-2). Suppose h*q = 9*q - 50. What are the prime factors of q?
2, 5
Let u = 345 + -173. What are the prime factors of u?
2, 43
Suppose -2*n + z = 0, 0 = 4*n - 2*n + 4*z + 20. Let c(y) = 5*y**2 + 3*y + 2. List the prime factors of c(n).
2
Suppose 3*c + 150 = 9*c. What are the prime factors of c?
5
Suppose h - o - 79 = 0, 2*h + 2*o = 137 + 33. List the prime factors of h.
2, 41
Suppose -v = 4*y + 66, -5*y - 123 = 2*v - 0*y. Let c = -36 - v. List the prime factors of c.
2, 3
What are the prime factors of 1/(-4 - 819/(-204))?
2, 17
Suppose 7*g - 20 = 3*g. Suppose 2*w - 13 - 4 = g*y, 9 = w - 2*y. What are the prime factors of w?
11
Suppose -5*t + 6*t + 4*m = 43, 4*m = 4*t - 72. What are the prime factors of t?
23
Suppose 0 = s - 93 - 93. What are the prime factors of s?
2, 3, 31
Let p(s) = s + 5 - 7 + 6 + 0. Suppose q + 1 = 9. List the prime factors of p(q).
2, 3
Let y = 5 - 0. Suppose 4*n = n - 15, y*n = 5*a + 10. Let x = 0 - a. List the prime factors of x.
7
Let r be (-1)/(2*2/(-12)). Suppose 6*z = 3*z + 3, -62 = -r*k + z. Suppose -o + 43 = 2*o + 5*i, -o + k = 3*i. List the prime factors of o.
2, 3
Suppose 0*v = 8*v - 88. List the prime factors of v.
11
What are the prime factors of ((-228)/18)/((-4)/18)?
3, 19
Let l be (-3 + 1)*15/(-6). Let p(a) = 4 - 3*a**2 + 3*a + 0 - l - a**3. List the prime factors of p(-4).
3
Suppose 24 - 4 = 3*m + 4*d, 3*m - 4*d = -20. Let c = 23 + -11. Suppose 2*v - v - c = m. What are the prime factors of v?
2, 3
Suppose 29 = -s + 2*z + 94, -z = -2. Suppose 0 = 5*d + 6 - 31. Suppose s = d*u + 14. List the prime factors of u.
11
Let o = 0 + -5. Let a(d) = 2*d**2 + 5*d - 6. List the prime factors of a(o).
19
Suppose 0 = 20*y - 26*y + 402. List the prime factors of y.
67
Let w(f) = -7*f + 1. Let t be w(-1). Suppose 28 - t = 2*d. What are the prime factors of d?
2, 5
Let r(n) = -n**3 + 5*n**2 - 3*n - 1. Let j be r(4). Let w(p) = 3*p**j + 0*p + 6*p**2 + 0*p**3 - 2*p - 4*p**3. What are the prime factors of w(5)?
3, 5
List the prime factors of (-8)/(-40) - 174/(-5).
5, 7
Suppose 5*o - 10 + 0 = 0. What are the prime factors of o?
2
Suppose -n + 3*n = -5*a - 84, -48 = 2*a - 4*n. Let u = a - -11. Let i = -2 - u. List the prime factors of i.
5
Let c(a) = -2*a**3 - 4*a**2 - 2*a - 5. What are the prime factors of c(-4)?
67
What are the prime factors of (0 + 2 